p**2 - 18*p + 38. Let t(k) = -k + 27. Let o be t(10). Let n be c(o). What is the greatest common divisor of n and 42?
21
Let l(w) = -w**3 + 4*w**2 + 9*w + 11. Let s be l(6). Let q(i) = -i**3 - 6*i**2 + 5*i - 10. Let b be q(s). Calculate the greatest common divisor of 12 and b.
4
Suppose 12*x + 235 - 1423 = 0. Calculate the greatest common divisor of 792 and x.
99
Let u be 2/(-11) + ((-468)/33)/(-1). Let b be -15*u/(-3)*3. Calculate the greatest common factor of 42 and b.
42
Let t(i) = 2*i + 1. Let b be t(5). Let k = 1694 - 1617. Calculate the highest common factor of k and b.
11
Let d be 3/(-5 - 1) + (-129)/(-2). Calculate the greatest common factor of d and 24.
8
Let h be 85/34*(-196)/(-10). Calculate the greatest common factor of h and 70.
7
Suppose -3*i + 43 = -v - 41, -v = 4*i - 112. Calculate the highest common factor of 7 and i.
7
Let b be 26*(3 - 14/4). Let r = 25 + b. Let n = 21 - r. Calculate the greatest common divisor of n and 6.
3
Suppose 0 = -4*p + m + 52, -4*p = -5*m + 5 - 41. Calculate the greatest common factor of 350 and p.
14
Suppose -x - 5*v - 36 = -2*v, 3*x + 38 = 5*v. Let u be (-782)/(-14) - ((-18)/x + -1). What is the greatest common factor of u and 16?
8
Suppose -4*c - 17 = -f, -5*f + 3*c + 38 = -13. Suppose 3*d = -f, k - 4*d = 29 - 8. Calculate the greatest common factor of k and 45.
9
Let j(u) = 3*u - 9. Let c = -51 + 56. Let w be j(c). Suppose -2*a + 37 = 7. What is the highest common factor of w and a?
3
Let q be (9 - 1 - 0) + 0. Suppose w + 27 = j + j, 54 = 5*j + 2*w. Calculate the highest common divisor of q and j.
4
Let h(f) = f**2 + 9*f + 1. Let i be h(-9). Let y be (-18)/i*(-48)/8. Suppose 6 = k + 3*w, 2*w + 54 = 4*k - w. What is the highest common divisor of k and y?
12
Suppose -59*d = -92*d + 61380. Calculate the greatest common factor of 60 and d.
60
Let k be 9/(((-15)/(-25))/1). What is the greatest common factor of k and 690?
15
Suppose 4*b - 14 = 3*a, -2*a + a - 5*b + 27 = 0. Let l = -10 - -10. Suppose 3*g - 2 - 4 = l. What is the greatest common factor of g and a?
2
Let y be (-16)/(-20) + (-266)/(-5). Let d = y - 48. What is the highest common factor of 6 and d?
6
Suppose -372*y + 80934 = -325*y. Calculate the greatest common factor of y and 42.
42
Let g be (-20)/(-6)*(-9)/(-6). Suppose -g*l - 6 = -106. Let u(z) = -z. Let w be u(-8). What is the greatest common divisor of w and l?
4
Let d(f) = 6*f**2 + 103*f - 18. Let u be d(-18). Calculate the highest common factor of 126 and u.
18
Let s be (-48)/20*(-220)/8. What is the greatest common divisor of 6 and s?
6
Let j = -32 + 45. Let o = 19 - j. Suppose -2*f + w = -26 + 5, f = -4*w + o. What is the highest common divisor of f and 40?
10
Let z be 10 + (-9)/(27/(-12)). Let t(x) = x**3 - 13*x**2 + 4*x + 13. Let g be t(z). What is the highest common factor of g and 106?
53
Let a = -68 + 392. Suppose -8*r + a = -6*r. Calculate the greatest common factor of 18 and r.
18
Let k(c) = -c**2 + 6*c - 1. Let r be k(5). Let n be ((-12)/r)/((-9)/48). Suppose -11*t - 100 = -n*t. Calculate the highest common divisor of t and 180.
20
Let z(k) = 2*k - 120. Let w be z(28). Suppose 5*i = -3*a + i - 15, 5*i + 10 = 5*a. Let t be (2 + a)/((-2)/w). Calculate the highest common factor of 16 and t.
16
Suppose 0*d = 5*d - 55. Let h be (29/(464/(-264)))/(6/(-8)). Calculate the highest common factor of h and d.
11
Let g(b) = 145*b**3 - 2*b**2 - 3*b + 4. Let r be g(1). Calculate the greatest common factor of 2 and r.
2
Let m be 4/(-16) - (-722)/8. Suppose v - m + 8 = -2*o, 4*o + 5*v - 158 = 0. Calculate the highest common divisor of o and 6.
6
Let n be (-1 - 140)*(-4)/6. Let q = n - 86. Calculate the greatest common factor of q and 88.
8
Let s be (16/(-20))/(1/(-210)). Suppose 0 = -4*y - s + 424. Suppose -5*k + 5*f - 123 = -913, 0 = -3*k + f + 478. What is the highest common factor of y and k?
32
Let v = 160 + -150. Let b(r) = r**3 + 4*r**2 - 6*r + 5. Suppose -2*p - k = 6 + 5, -p - 9 = 4*k. Let q be b(p). Calculate the greatest common factor of v and q.
10
Suppose -2*a + 6 = -2. Suppose 40 = -5*s + a*s. Let h be (-4152)/s + (-1)/(-5). What is the highest common factor of 13 and h?
13
Suppose -2*p - 6 = 0, -v + 15*p - 3 = 20*p. What is the greatest common factor of 138 and v?
6
Suppose k = -1, 3*c = c + 2*k + 16. Let g be 4/(-16)*-4*c. What is the highest common divisor of 7 and g?
7
Suppose 0 = -3*k + 9, 2*f - 4*f - 19 = -5*k. Let j = 5 + f. Let o be 4*62/24*j. Calculate the highest common factor of o and 124.
31
Let p(b) = -b**3 - b**2 + 16*b. Let d be p(-5). What is the greatest common factor of d and 4?
4
Suppose 5 = v, 0 = -t + 5*v - 3*v - 6. What is the greatest common factor of 28 and t?
4
Let h be (0 - (-4494)/33) + 8/(-44). Calculate the highest common factor of h and 51.
17
Suppose 0 = -4*b, 5*c + 2*b = 62 - 2. Let z be (-6)/24*40/(-2). Suppose z*i - 35 = 205. What is the greatest common factor of c and i?
12
Let i be (6 + 84)/(0 - 6/(-40)). What is the highest common factor of i and 24?
24
Let p = 25 - 11. Let k be (1908/45 + 4/(-10))*(1 + 2). Calculate the greatest common factor of k and p.
14
Suppose -3*m + 2*p = -90, -29 = -m - 2*p + 1. Calculate the greatest common factor of 165 and m.
15
Let v = 44 - -40. Let q(l) = 8*l**2 + 2*l. Let c be q(2). What is the highest common factor of c and v?
12
Let x = -175 - -505. Suppose 5*u - 10*u = -x. Suppose -f + u = f. What is the greatest common factor of f and 11?
11
Let x be (2/6)/(2/102). Let t be (-5)/3*(-21)/7. Suppose t*o = o + 544. What is the highest common divisor of x and o?
17
Let f = -1281 + 1352. What is the greatest common divisor of f and 1917?
71
Suppose -8*w + 6 = -6*w. Suppose w*s = -0 + 6. Calculate the greatest common factor of 4 and s.
2
Suppose -2*m - 231 = -5*m. Let s(t) = 7*t**2 + 11*t + t**3 + 4 - 14*t**2 + 14*t**2. Let x be s(-3). Calculate the greatest common factor of x and m.
7
Suppose 0 = -0*s - s. Suppose -2*d - 3*c = -120, s = -d + 2*d - c - 50. Let i = -21 + 39. Calculate the highest common factor of d and i.
18
Let a(q) = -10*q**3 - 2*q**2 - 3*q - 10. Let o be a(-2). Calculate the highest common factor of 1088 and o.
68
Let o(y) = 4*y + 99. Let c be o(-21). Calculate the highest common divisor of 240 and c.
15
Let j(n) = n - 27. Let f be j(32). Calculate the greatest common divisor of 55 and f.
5
Let o be (-201)/(-4) + (-1)/4. Suppose -20 = -n + 9. Let b = n + -9. Calculate the greatest common divisor of b and o.
10
Let k(u) = -u**3 - u - 5. Let p be k(-5). What is the highest common factor of 1750 and p?
125
Let g be 0/(-28) - (2 - 54). Calculate the highest common factor of 168 and g.
4
Suppose 5*p - 3*y - 124 = -2*y, 3*y + 122 = 5*p. Let v = p + -65. Let o be v/(-15)*(-15)/(-2). What is the greatest common divisor of o and 5?
5
Let q(m) = 2*m + 6. Let v be q(-3). Suppose n - 164 + 49 = v. Calculate the highest common divisor of n and 23.
23
Suppose 0 = 4*c + p - 3*p - 34, -4*c + 38 = 2*p. Suppose f + 8 = 2*o, -5*o + 2*o + 3*f = -c. What is the greatest common divisor of 55 and o?
5
Suppose -5*f = 5, 0*f = -r - 5*f + 5. Let q be (3/(-36) - (-8)/6)*4. Calculate the greatest common divisor of q and r.
5
Let j = -29 - -78. Let s be (3/(-6))/(2/(-28)). What is the greatest common divisor of j and s?
7
Let x = -13 - -15. Suppose 2*g - 4 = x. Let u(r) = -3*r + 9. Let t be u(-5). Calculate the highest common divisor of g and t.
3
Suppose 197*g - 199*g = -70. Calculate the highest common divisor of g and 595.
35
Suppose 21 = 4*p + 3*p. Suppose 0 = -p*h + 5*h - 62. What is the highest common divisor of 248 and h?
31
Suppose 8 = w + w. Suppose 6 = 2*z + w. Calculate the highest common divisor of 5 and z.
1
Let y(n) = -5780*n - 7*n**2 - n**3 + 5768*n - 4 + 6. Let b be y(-5). What is the highest common divisor of b and 312?
12
Let t be (-16)/(-8) + -2*2/(-2). Suppose -4*w = -t*a - a + 24, -2*w = -a. What is the highest common factor of 24 and a?
8
Let q be 4/16 - (-15)/20. Let v be q*2/2 - -10. Calculate the highest common factor of 99 and v.
11
Let y(c) = 2*c**3 - 17*c**2 - 20*c - 10. Let a be y(10). What is the greatest common divisor of 135 and a?
45
Let o(m) = -2*m**3 - 2*m**2 + 3*m. Let l be o(-3). Let h = 51 - l. Let r = -18 + h. Calculate the highest common factor of 6 and r.
6
Let o = -137 - -139. 